{"id":24946,"date":"2020-01-17T08:24:48","date_gmt":"2020-01-17T08:24:48","guid":{"rendered":"http:\/\/181.177.20.30\/canal2\/?page_id=24946"},"modified":"2026-03-06T11:35:22","modified_gmt":"2026-03-06T14:35:22","slug":"grilla-de-canales","status":"publish","type":"page","link":"http:\/\/canal2jujuy.com\/canal2\/grilla-de-canales\/","title":{"rendered":"Grilla De Canales"},"content":{"rendered":"\t\t<div data-elementor-type=\"wp-page\" data-elementor-id=\"24946\" class=\"elementor elementor-24946\" data-elementor-settings=\"[]\">\n\t\t\t\t\t\t<div class=\"elementor-inner\">\n\t\t\t\t\t\t\t<div class=\"elementor-section-wrap\">\n\t\t\t\t\t\t\t<section class=\"elementor-section elementor-top-section elementor-element elementor-element-40e6d16 elementor-section-stretched elementor-section-boxed elementor-section-height-default elementor-section-height-default\" data-id=\"40e6d16\" data-element_type=\"section\" data-settings=\"{&quot;stretch_section&quot;:&quot;section-stretched&quot;,&quot;jet_parallax_layout_list&quot;:[{&quot;jet_parallax_layout_image&quot;:{&quot;url&quot;:&quot;&quot;,&quot;id&quot;:&quot;&quot;},&quot;_id&quot;:&quot;e3a7daa&quot;,&quot;jet_parallax_layout_image_tablet&quot;:{&quot;url&quot;:&quot;&quot;,&quot;id&quot;:&quot;&quot;},&quot;jet_parallax_layout_image_mobile&quot;:{&quot;url&quot;:&quot;&quot;,&quot;id&quot;:&quot;&quot;},&quot;jet_parallax_layout_speed&quot;:{&quot;unit&quot;:&quot;%&quot;,&quot;size&quot;:50,&quot;sizes&quot;:[]},&quot;jet_parallax_layout_type&quot;:&quot;scroll&quot;,&quot;jet_parallax_layout_direction&quot;:null,&quot;jet_parallax_layout_fx_direction&quot;:null,&quot;jet_parallax_layout_z_index&quot;:&quot;&quot;,&quot;jet_parallax_layout_bg_x&quot;:50,&quot;jet_parallax_layout_bg_x_tablet&quot;:&quot;&quot;,&quot;jet_parallax_layout_bg_x_mobile&quot;:&quot;&quot;,&quot;jet_parallax_layout_bg_y&quot;:50,&quot;jet_parallax_layout_bg_y_tablet&quot;:&quot;&quot;,&quot;jet_parallax_layout_bg_y_mobile&quot;:&quot;&quot;,&quot;jet_parallax_layout_bg_size&quot;:&quot;auto&quot;,&quot;jet_parallax_layout_bg_size_tablet&quot;:&quot;&quot;,&quot;jet_parallax_layout_bg_size_mobile&quot;:&quot;&quot;,&quot;jet_parallax_layout_animation_prop&quot;:&quot;transform&quot;,&quot;jet_parallax_layout_on&quot;:[&quot;desktop&quot;,&quot;tablet&quot;]}]}\">\n\t\t\t\t\t\t\t<div class=\"elementor-background-overlay\"><\/div>\n\t\t\t\t\t\t\t<div class=\"elementor-container elementor-column-gap-default\">\n\t\t\t\t\t\t\t<div class=\"elementor-row\">\n\t\t\t\t\t<div class=\"elementor-column elementor-col-100 elementor-top-column elementor-element elementor-element-ae57181\" data-id=\"ae57181\" data-element_type=\"column\">\n\t\t\t<div class=\"elementor-column-wrap elementor-element-populated\">\n\t\t\t\t\t\t\t<div class=\"elementor-widget-wrap\">\n\t\t\t\t\t\t<div class=\"elementor-element elementor-element-e5f8f07 elementor-hidden-mobile elementor-widget elementor-widget-image\" data-id=\"e5f8f07\" data-element_type=\"widget\" data-widget_type=\"image.default\">\n\t\t\t\t<div class=\"elementor-widget-container\">\n\t\t\t\t\t\t\t\t<div class=\"elementor-image\">\n\t\t\t\t\t\t\t\t\t\t\t\t<img width=\"1150\" height=\"130\" src=\"http:\/\/canal2jujuy.com\/canal2\/wp-content\/uploads\/2024\/01\/banner-grilla-1.png\" class=\"attachment-full size-full\" alt=\"\" loading=\"lazy\" srcset=\"http:\/\/canal2jujuy.com\/canal2\/wp-content\/uploads\/2024\/01\/banner-grilla-1.png 1150w, http:\/\/canal2jujuy.com\/canal2\/wp-content\/uploads\/2024\/01\/banner-grilla-1-300x34.png 300w, http:\/\/canal2jujuy.com\/canal2\/wp-content\/uploads\/2024\/01\/banner-grilla-1-1024x116.png 1024w, http:\/\/canal2jujuy.com\/canal2\/wp-content\/uploads\/2024\/01\/banner-grilla-1-768x87.png 768w, http:\/\/canal2jujuy.com\/canal2\/wp-content\/uploads\/2024\/01\/banner-grilla-1-750x85.png 750w, http:\/\/canal2jujuy.com\/canal2\/wp-content\/uploads\/2024\/01\/banner-grilla-1-540x61.png 540w, http:\/\/canal2jujuy.com\/canal2\/wp-content\/uploads\/2024\/01\/banner-grilla-1-1000x113.png 1000w\" sizes=\"(max-width: 1150px) 100vw, 1150px\" \/>\t\t\t\t\t\t\t\t\t\t\t\t\t\t<\/div>\n\t\t\t\t\t\t<\/div>\n\t\t\t\t<\/div>\n\t\t\t\t<div class=\"elementor-element elementor-element-1582e4e elementor-hidden-desktop elementor-hidden-tablet elementor-widget elementor-widget-image\" data-id=\"1582e4e\" data-element_type=\"widget\" data-widget_type=\"image.default\">\n\t\t\t\t<div class=\"elementor-widget-container\">\n\t\t\t\t\t\t\t\t<div class=\"elementor-image\">\n\t\t\t\t\t\t\t\t\t\t\t\t<img width=\"1150\" height=\"130\" src=\"http:\/\/canal2jujuy.com\/canal2\/wp-content\/uploads\/2024\/01\/banner-grilla-mobile.png\" class=\"attachment-full size-full\" alt=\"\" loading=\"lazy\" srcset=\"http:\/\/canal2jujuy.com\/canal2\/wp-content\/uploads\/2024\/01\/banner-grilla-mobile.png 1150w, http:\/\/canal2jujuy.com\/canal2\/wp-content\/uploads\/2024\/01\/banner-grilla-mobile-300x34.png 300w, http:\/\/canal2jujuy.com\/canal2\/wp-content\/uploads\/2024\/01\/banner-grilla-mobile-1024x116.png 1024w, http:\/\/canal2jujuy.com\/canal2\/wp-content\/uploads\/2024\/01\/banner-grilla-mobile-768x87.png 768w, http:\/\/canal2jujuy.com\/canal2\/wp-content\/uploads\/2024\/01\/banner-grilla-mobile-750x85.png 750w, http:\/\/canal2jujuy.com\/canal2\/wp-content\/uploads\/2024\/01\/banner-grilla-mobile-540x61.png 540w, http:\/\/canal2jujuy.com\/canal2\/wp-content\/uploads\/2024\/01\/banner-grilla-mobile-1000x113.png 1000w\" sizes=\"(max-width: 1150px) 100vw, 1150px\" \/>\t\t\t\t\t\t\t\t\t\t\t\t\t\t<\/div>\n\t\t\t\t\t\t<\/div>\n\t\t\t\t<\/div>\n\t\t\t\t<div class=\"elementor-element elementor-element-fd875fc elementor-tabs-alignment-stretch elementor-widget-mobile__width-inherit elementor-tabs-view-horizontal elementor-widget elementor-widget-tabs\" data-id=\"fd875fc\" data-element_type=\"widget\" data-widget_type=\"tabs.default\">\n\t\t\t\t<div class=\"elementor-widget-container\">\n\t\t\t\t\t<div class=\"elementor-tabs\">\n\t\t\t<div class=\"elementor-tabs-wrapper\" role=\"tablist\" >\n\t\t\t\t\t\t\t\t\t<div id=\"elementor-tab-title-2651\" class=\"elementor-tab-title elementor-tab-desktop-title\" aria-selected=\"true\" data-tab=\"1\" role=\"tab\" tabindex=\"0\" aria-controls=\"elementor-tab-content-2651\" aria-expanded=\"false\"><a href=\"\">PAQUETE B\u00c1SICO<\/a><\/div>\n\t\t\t\t\t\t\t\t\t<div id=\"elementor-tab-title-2652\" class=\"elementor-tab-title elementor-tab-desktop-title\" aria-selected=\"false\" data-tab=\"2\" role=\"tab\" tabindex=\"-1\" aria-controls=\"elementor-tab-content-2652\" aria-expanded=\"false\"><a href=\"\">PAQUETE B\u00c1SICO HD<\/a><\/div>\n\t\t\t\t\t\t\t\t\t<div id=\"elementor-tab-title-2653\" class=\"elementor-tab-title elementor-tab-desktop-title\" aria-selected=\"false\" data-tab=\"3\" role=\"tab\" tabindex=\"-1\" aria-controls=\"elementor-tab-content-2653\" aria-expanded=\"false\"><a href=\"\">PAQUETE SUPER HD<\/a><\/div>\n\t\t\t\t\t\t\t\t\t<div id=\"elementor-tab-title-2654\" class=\"elementor-tab-title elementor-tab-desktop-title\" aria-selected=\"false\" data-tab=\"4\" role=\"tab\" tabindex=\"-1\" aria-controls=\"elementor-tab-content-2654\" aria-expanded=\"false\"><a href=\"\">PACKS PREMIUM<\/a><\/div>\n\t\t\t\t\t\t\t<\/div>\n\t\t\t<div class=\"elementor-tabs-content-wrapper\" role=\"tablist\" aria-orientation=\"vertical\">\n\t\t\t\t\t\t\t\t\t<div class=\"elementor-tab-title elementor-tab-mobile-title\" aria-selected=\"true\" data-tab=\"1\" role=\"tab\" tabindex=\"0\" aria-controls=\"elementor-tab-content-2651\" aria-expanded=\"false\">PAQUETE B\u00c1SICO<\/div>\n\t\t\t\t\t<div id=\"elementor-tab-content-2651\" class=\"elementor-tab-content elementor-clearfix\" data-tab=\"1\" role=\"tabpanel\" aria-labelledby=\"elementor-tab-title-2651\" tabindex=\"0\" hidden=\"false\"><p><img loading=\"lazy\" class=\"alignnone wp-image-32688 size-full\" title=\"Canal-2-Fiberway-Jujuy-Grilla-B\u00c1SICO\" src=\"http:\/\/canal2jujuy.com\/canal2\/wp-content\/uploads\/2026\/03\/Grilla-senales-MARZO-2026_Paquete-basico.png\" alt=\"\" width=\"1230\" height=\"1400\" srcset=\"http:\/\/canal2jujuy.com\/canal2\/wp-content\/uploads\/2026\/03\/Grilla-senales-MARZO-2026_Paquete-basico.png 1230w, http:\/\/canal2jujuy.com\/canal2\/wp-content\/uploads\/2026\/03\/Grilla-senales-MARZO-2026_Paquete-basico-264x300.png 264w, http:\/\/canal2jujuy.com\/canal2\/wp-content\/uploads\/2026\/03\/Grilla-senales-MARZO-2026_Paquete-basico-900x1024.png 900w, http:\/\/canal2jujuy.com\/canal2\/wp-content\/uploads\/2026\/03\/Grilla-senales-MARZO-2026_Paquete-basico-768x874.png 768w, http:\/\/canal2jujuy.com\/canal2\/wp-content\/uploads\/2026\/03\/Grilla-senales-MARZO-2026_Paquete-basico-750x854.png 750w, http:\/\/canal2jujuy.com\/canal2\/wp-content\/uploads\/2026\/03\/Grilla-senales-MARZO-2026_Paquete-basico-540x615.png 540w, http:\/\/canal2jujuy.com\/canal2\/wp-content\/uploads\/2026\/03\/Grilla-senales-MARZO-2026_Paquete-basico-1000x1138.png 1000w\" sizes=\"(max-width: 1230px) 100vw, 1230px\" \/><\/p><\/div>\n\t\t\t\t\t\t\t\t\t<div class=\"elementor-tab-title elementor-tab-mobile-title\" aria-selected=\"false\" data-tab=\"2\" role=\"tab\" tabindex=\"-1\" aria-controls=\"elementor-tab-content-2652\" aria-expanded=\"false\">PAQUETE B\u00c1SICO HD<\/div>\n\t\t\t\t\t<div id=\"elementor-tab-content-2652\" class=\"elementor-tab-content elementor-clearfix\" data-tab=\"2\" role=\"tabpanel\" aria-labelledby=\"elementor-tab-title-2652\" tabindex=\"0\" hidden=\"hidden\"><p><img loading=\"lazy\" class=\"alignnone wp-image-32689 size-full\" title=\"Canal-2-Fiberway-Jujuy-Grilla-B\u00c1SICO-HD\" src=\"http:\/\/canal2jujuy.com\/canal2\/wp-content\/uploads\/2026\/03\/Grilla-senales-MARZO-2026_Paquete-basicoHD.png\" alt=\"\" width=\"1230\" height=\"1400\" srcset=\"http:\/\/canal2jujuy.com\/canal2\/wp-content\/uploads\/2026\/03\/Grilla-senales-MARZO-2026_Paquete-basicoHD.png 1230w, http:\/\/canal2jujuy.com\/canal2\/wp-content\/uploads\/2026\/03\/Grilla-senales-MARZO-2026_Paquete-basicoHD-264x300.png 264w, http:\/\/canal2jujuy.com\/canal2\/wp-content\/uploads\/2026\/03\/Grilla-senales-MARZO-2026_Paquete-basicoHD-900x1024.png 900w, http:\/\/canal2jujuy.com\/canal2\/wp-content\/uploads\/2026\/03\/Grilla-senales-MARZO-2026_Paquete-basicoHD-768x874.png 768w, http:\/\/canal2jujuy.com\/canal2\/wp-content\/uploads\/2026\/03\/Grilla-senales-MARZO-2026_Paquete-basicoHD-750x854.png 750w, http:\/\/canal2jujuy.com\/canal2\/wp-content\/uploads\/2026\/03\/Grilla-senales-MARZO-2026_Paquete-basicoHD-540x615.png 540w, http:\/\/canal2jujuy.com\/canal2\/wp-content\/uploads\/2026\/03\/Grilla-senales-MARZO-2026_Paquete-basicoHD-1000x1138.png 1000w\" sizes=\"(max-width: 1230px) 100vw, 1230px\" \/><\/p><\/div>\n\t\t\t\t\t\t\t\t\t<div class=\"elementor-tab-title elementor-tab-mobile-title\" aria-selected=\"false\" data-tab=\"3\" role=\"tab\" tabindex=\"-1\" aria-controls=\"elementor-tab-content-2653\" aria-expanded=\"false\">PAQUETE SUPER HD<\/div>\n\t\t\t\t\t<div id=\"elementor-tab-content-2653\" class=\"elementor-tab-content elementor-clearfix\" data-tab=\"3\" role=\"tabpanel\" aria-labelledby=\"elementor-tab-title-2653\" tabindex=\"0\" hidden=\"hidden\"><p><img loading=\"lazy\" class=\"alignnone wp-image-32687 size-full\" src=\"http:\/\/canal2jujuy.com\/canal2\/wp-content\/uploads\/2026\/03\/Grilla-senales-MARZO-2026_Paquete-superHD.png\" alt=\"\" width=\"1230\" height=\"4429\" srcset=\"http:\/\/canal2jujuy.com\/canal2\/wp-content\/uploads\/2026\/03\/Grilla-senales-MARZO-2026_Paquete-superHD.png 1230w, http:\/\/canal2jujuy.com\/canal2\/wp-content\/uploads\/2026\/03\/Grilla-senales-MARZO-2026_Paquete-superHD-83x300.png 83w, http:\/\/canal2jujuy.com\/canal2\/wp-content\/uploads\/2026\/03\/Grilla-senales-MARZO-2026_Paquete-superHD-284x1024.png 284w, http:\/\/canal2jujuy.com\/canal2\/wp-content\/uploads\/2026\/03\/Grilla-senales-MARZO-2026_Paquete-superHD-768x2765.png 768w, http:\/\/canal2jujuy.com\/canal2\/wp-content\/uploads\/2026\/03\/Grilla-senales-MARZO-2026_Paquete-superHD-569x2048.png 569w, http:\/\/canal2jujuy.com\/canal2\/wp-content\/uploads\/2026\/03\/Grilla-senales-MARZO-2026_Paquete-superHD-750x2701.png 750w, http:\/\/canal2jujuy.com\/canal2\/wp-content\/uploads\/2026\/03\/Grilla-senales-MARZO-2026_Paquete-superHD-540x1944.png 540w, http:\/\/canal2jujuy.com\/canal2\/wp-content\/uploads\/2026\/03\/Grilla-senales-MARZO-2026_Paquete-superHD-1000x3601.png 1000w\" sizes=\"(max-width: 1230px) 100vw, 1230px\" \/><\/p><\/div>\n\t\t\t\t\t\t\t\t\t<div class=\"elementor-tab-title elementor-tab-mobile-title\" aria-selected=\"false\" data-tab=\"4\" role=\"tab\" tabindex=\"-1\" aria-controls=\"elementor-tab-content-2654\" aria-expanded=\"false\">PACKS PREMIUM<\/div>\n\t\t\t\t\t<div id=\"elementor-tab-content-2654\" class=\"elementor-tab-content elementor-clearfix\" data-tab=\"4\" role=\"tabpanel\" aria-labelledby=\"elementor-tab-title-2654\" tabindex=\"0\" hidden=\"hidden\"><p><img loading=\"lazy\" class=\"alignnone wp-image-32591 size-full\" src=\"http:\/\/canal2jujuy.com\/canal2\/wp-content\/uploads\/2025\/11\/Grilla-senales-2025_Noviembre__Packs-premium.png\" alt=\"\" width=\"1230\" height=\"1400\" srcset=\"http:\/\/canal2jujuy.com\/canal2\/wp-content\/uploads\/2025\/11\/Grilla-senales-2025_Noviembre__Packs-premium.png 1230w, http:\/\/canal2jujuy.com\/canal2\/wp-content\/uploads\/2025\/11\/Grilla-senales-2025_Noviembre__Packs-premium-264x300.png 264w, http:\/\/canal2jujuy.com\/canal2\/wp-content\/uploads\/2025\/11\/Grilla-senales-2025_Noviembre__Packs-premium-900x1024.png 900w, http:\/\/canal2jujuy.com\/canal2\/wp-content\/uploads\/2025\/11\/Grilla-senales-2025_Noviembre__Packs-premium-768x874.png 768w, http:\/\/canal2jujuy.com\/canal2\/wp-content\/uploads\/2025\/11\/Grilla-senales-2025_Noviembre__Packs-premium-750x854.png 750w, http:\/\/canal2jujuy.com\/canal2\/wp-content\/uploads\/2025\/11\/Grilla-senales-2025_Noviembre__Packs-premium-540x615.png 540w, http:\/\/canal2jujuy.com\/canal2\/wp-content\/uploads\/2025\/11\/Grilla-senales-2025_Noviembre__Packs-premium-1000x1138.png 1000w\" sizes=\"(max-width: 1230px) 100vw, 1230px\" \/><\/p><\/div>\n\t\t\t\t\t\t\t<\/div>\n\t\t<\/div>\n\t\t\t\t<\/div>\n\t\t\t\t<\/div>\n\t\t\t\t\t\t<\/div>\n\t\t\t\t\t<\/div>\n\t\t<\/div>\n\t\t\t\t\t\t\t\t<\/div>\n\t\t\t\t\t<\/div>\n\t\t<\/section>\n\t\t\t\t<section class=\"elementor-section elementor-top-section elementor-element elementor-element-f220a99 elementor-section-full_width elementor-section-stretched elementor-hidden-tablet elementor-hidden-phone elementor-section-height-full elementor-section-height-default elementor-section-items-middle\" data-id=\"f220a99\" data-element_type=\"section\" data-settings=\"{&quot;stretch_section&quot;:&quot;section-stretched&quot;,&quot;jet_parallax_layout_list&quot;:[{&quot;jet_parallax_layout_image&quot;:{&quot;url&quot;:&quot;&quot;,&quot;id&quot;:&quot;&quot;},&quot;_id&quot;:&quot;9bcd012&quot;,&quot;jet_parallax_layout_image_tablet&quot;:{&quot;url&quot;:&quot;&quot;,&quot;id&quot;:&quot;&quot;},&quot;jet_parallax_layout_image_mobile&quot;:{&quot;url&quot;:&quot;&quot;,&quot;id&quot;:&quot;&quot;},&quot;jet_parallax_layout_speed&quot;:{&quot;unit&quot;:&quot;%&quot;,&quot;size&quot;:50,&quot;sizes&quot;:[]},&quot;jet_parallax_layout_type&quot;:&quot;scroll&quot;,&quot;jet_parallax_layout_direction&quot;:null,&quot;jet_parallax_layout_fx_direction&quot;:null,&quot;jet_parallax_layout_z_index&quot;:&quot;&quot;,&quot;jet_parallax_layout_bg_x&quot;:50,&quot;jet_parallax_layout_bg_x_tablet&quot;:&quot;&quot;,&quot;jet_parallax_layout_bg_x_mobile&quot;:&quot;&quot;,&quot;jet_parallax_layout_bg_y&quot;:50,&quot;jet_parallax_layout_bg_y_tablet&quot;:&quot;&quot;,&quot;jet_parallax_layout_bg_y_mobile&quot;:&quot;&quot;,&quot;jet_parallax_layout_bg_size&quot;:&quot;auto&quot;,&quot;jet_parallax_layout_bg_size_tablet&quot;:&quot;&quot;,&quot;jet_parallax_layout_bg_size_mobile&quot;:&quot;&quot;,&quot;jet_parallax_layout_animation_prop&quot;:&quot;transform&quot;,&quot;jet_parallax_layout_on&quot;:[&quot;desktop&quot;,&quot;tablet&quot;]}]}\">\n\t\t\t\t\t\t<div class=\"elementor-container elementor-column-gap-default\">\n\t\t\t\t\t\t\t<div class=\"elementor-row\">\n\t\t\t\t\t<div class=\"elementor-column elementor-col-100 elementor-top-column elementor-element elementor-element-00995cd\" data-id=\"00995cd\" data-element_type=\"column\">\n\t\t\t<div class=\"elementor-column-wrap elementor-element-populated\">\n\t\t\t\t\t\t\t<div class=\"elementor-widget-wrap\">\n\t\t\t\t\t\t<div class=\"elementor-element elementor-element-92a9201 elementor-widget elementor-widget-html\" data-id=\"92a9201\" data-element_type=\"widget\" data-widget_type=\"html.default\">\n\t\t\t\t<div class=\"elementor-widget-container\">\n\t\t\t<iframe loading=\"lazy\" src=\"https:\/\/www.reportv.com.ar\/finder\/index\/3295\/MnTip-Grilla%20de%20canales\" name=\"ventana_iframe\" width=\"1920\" height=\"650\" frameborder=\"0\" marginwidth=\"0\" marginheight=\"0\" scrolling=\"yes\">\r\n<\/iframe>\t\t<\/div>\n\t\t\t\t<\/div>\n\t\t\t\t\t\t<\/div>\n\t\t\t\t\t<\/div>\n\t\t<\/div>\n\t\t\t\t\t\t\t\t<\/div>\n\t\t\t\t\t<\/div>\n\t\t<\/section>\n\t\t\t\t<section class=\"elementor-section elementor-top-section elementor-element elementor-element-fbe3fd4 elementor-section-full_width elementor-section-stretched elementor-hidden-tablet elementor-hidden-phone elementor-hidden-desktop elementor-section-height-default elementor-section-height-default\" data-id=\"fbe3fd4\" data-element_type=\"section\" data-settings=\"{&quot;stretch_section&quot;:&quot;section-stretched&quot;,&quot;jet_parallax_layout_list&quot;:[{&quot;jet_parallax_layout_image&quot;:{&quot;url&quot;:&quot;&quot;,&quot;id&quot;:&quot;&quot;},&quot;_id&quot;:&quot;9bcd012&quot;,&quot;jet_parallax_layout_image_tablet&quot;:{&quot;url&quot;:&quot;&quot;,&quot;id&quot;:&quot;&quot;},&quot;jet_parallax_layout_image_mobile&quot;:{&quot;url&quot;:&quot;&quot;,&quot;id&quot;:&quot;&quot;},&quot;jet_parallax_layout_speed&quot;:{&quot;unit&quot;:&quot;%&quot;,&quot;size&quot;:50,&quot;sizes&quot;:[]},&quot;jet_parallax_layout_type&quot;:&quot;scroll&quot;,&quot;jet_parallax_layout_direction&quot;:null,&quot;jet_parallax_layout_fx_direction&quot;:null,&quot;jet_parallax_layout_z_index&quot;:&quot;&quot;,&quot;jet_parallax_layout_bg_x&quot;:50,&quot;jet_parallax_layout_bg_x_tablet&quot;:&quot;&quot;,&quot;jet_parallax_layout_bg_x_mobile&quot;:&quot;&quot;,&quot;jet_parallax_layout_bg_y&quot;:50,&quot;jet_parallax_layout_bg_y_tablet&quot;:&quot;&quot;,&quot;jet_parallax_layout_bg_y_mobile&quot;:&quot;&quot;,&quot;jet_parallax_layout_bg_size&quot;:&quot;auto&quot;,&quot;jet_parallax_layout_bg_size_tablet&quot;:&quot;&quot;,&quot;jet_parallax_layout_bg_size_mobile&quot;:&quot;&quot;,&quot;jet_parallax_layout_animation_prop&quot;:&quot;transform&quot;,&quot;jet_parallax_layout_on&quot;:[&quot;desktop&quot;,&quot;tablet&quot;]}]}\">\n\t\t\t\t\t\t<div class=\"elementor-container elementor-column-gap-default\">\n\t\t\t\t\t\t\t<div class=\"elementor-row\">\n\t\t\t\t\t<div class=\"elementor-column elementor-col-100 elementor-top-column elementor-element elementor-element-f02685d\" data-id=\"f02685d\" data-element_type=\"column\">\n\t\t\t<div class=\"elementor-column-wrap elementor-element-populated\">\n\t\t\t\t\t\t\t<div class=\"elementor-widget-wrap\">\n\t\t\t\t\t\t<div class=\"elementor-element elementor-element-ad4ce94 elementor-widget elementor-widget-html\" data-id=\"ad4ce94\" data-element_type=\"widget\" data-widget_type=\"html.default\">\n\t\t\t\t<div class=\"elementor-widget-container\">\n\t\t\t<iframe loading=\"lazy\" src=\"https:\/\/www.reportv.com.ar\/buscador\/Buscador.php?aid=1809\" name=\"ventana_iframe\" width=\"1920\" height=\"650\" frameborder=\"0\" marginwidth=\"0\" marginheight=\"0\" scrolling=\"no\">\r\n<\/iframe>\t\t<\/div>\n\t\t\t\t<\/div>\n\t\t\t\t\t\t<\/div>\n\t\t\t\t\t<\/div>\n\t\t<\/div>\n\t\t\t\t\t\t\t\t<\/div>\n\t\t\t\t\t<\/div>\n\t\t<\/section>\n\t\t\t\t<section class=\"elementor-section elementor-top-section elementor-element elementor-element-7da59fa elementor-section-full_width elementor-section-stretched elementor-hidden-desktop elementor-hidden-tablet elementor-section-height-default elementor-section-height-default\" data-id=\"7da59fa\" data-element_type=\"section\" data-settings=\"{&quot;stretch_section&quot;:&quot;section-stretched&quot;,&quot;jet_parallax_layout_list&quot;:[{&quot;jet_parallax_layout_image&quot;:{&quot;url&quot;:&quot;&quot;,&quot;id&quot;:&quot;&quot;},&quot;_id&quot;:&quot;9bcd012&quot;,&quot;jet_parallax_layout_image_tablet&quot;:{&quot;url&quot;:&quot;&quot;,&quot;id&quot;:&quot;&quot;},&quot;jet_parallax_layout_image_mobile&quot;:{&quot;url&quot;:&quot;&quot;,&quot;id&quot;:&quot;&quot;},&quot;jet_parallax_layout_speed&quot;:{&quot;unit&quot;:&quot;%&quot;,&quot;size&quot;:50,&quot;sizes&quot;:[]},&quot;jet_parallax_layout_type&quot;:&quot;scroll&quot;,&quot;jet_parallax_layout_direction&quot;:null,&quot;jet_parallax_layout_fx_direction&quot;:null,&quot;jet_parallax_layout_z_index&quot;:&quot;&quot;,&quot;jet_parallax_layout_bg_x&quot;:50,&quot;jet_parallax_layout_bg_x_tablet&quot;:&quot;&quot;,&quot;jet_parallax_layout_bg_x_mobile&quot;:&quot;&quot;,&quot;jet_parallax_layout_bg_y&quot;:50,&quot;jet_parallax_layout_bg_y_tablet&quot;:&quot;&quot;,&quot;jet_parallax_layout_bg_y_mobile&quot;:&quot;&quot;,&quot;jet_parallax_layout_bg_size&quot;:&quot;auto&quot;,&quot;jet_parallax_layout_bg_size_tablet&quot;:&quot;&quot;,&quot;jet_parallax_layout_bg_size_mobile&quot;:&quot;&quot;,&quot;jet_parallax_layout_animation_prop&quot;:&quot;transform&quot;,&quot;jet_parallax_layout_on&quot;:[&quot;desktop&quot;,&quot;tablet&quot;]}]}\">\n\t\t\t\t\t\t<div class=\"elementor-container elementor-column-gap-default\">\n\t\t\t\t\t\t\t<div class=\"elementor-row\">\n\t\t\t\t\t<div class=\"elementor-column elementor-col-100 elementor-top-column elementor-element elementor-element-1654763\" data-id=\"1654763\" data-element_type=\"column\">\n\t\t\t<div class=\"elementor-column-wrap elementor-element-populated\">\n\t\t\t\t\t\t\t<div class=\"elementor-widget-wrap\">\n\t\t\t\t\t\t<div class=\"elementor-element elementor-element-092a46c elementor-widget elementor-widget-html\" data-id=\"092a46c\" data-element_type=\"widget\" data-widget_type=\"html.default\">\n\t\t\t\t<div class=\"elementor-widget-container\">\n\t\t\t<iframe loading=\"lazy\" src=\"https:\/\/www.reportv.com.ar\/finder\/index\/3295\/MnTip-Grilla%20de%20canales\" name=\"ventana_iframe\" width=\"1920\" height=\"650\" frameborder=\"0\" marginwidth=\"0\" marginheight=\"0\" scrolling=\"yes\">\n<\/iframe>\t\t<\/div>\n\t\t\t\t<\/div>\n\t\t\t\t\t\t<\/div>\n\t\t\t\t\t<\/div>\n\t\t<\/div>\n\t\t\t\t\t\t\t\t<\/div>\n\t\t\t\t\t<\/div>\n\t\t<\/section>\n\t\t\t\t\t\t<\/div>\n\t\t\t\t\t\t<\/div>\n\t\t\t\t\t<\/div>\n\t\t","protected":false},"excerpt":{"rendered":"<p>PAQUETE B\u00c1SICO PAQUETE B\u00c1SICO HD PAQUETE SUPER HD PACKS PREMIUM PAQUETE B\u00c1SICO PAQUETE B\u00c1SICO HD PAQUETE SUPER HD PACKS PREMIUM<\/p>\n","protected":false},"author":1,"featured_media":0,"parent":0,"menu_order":0,"comment_status":"closed","ping_status":"closed","template":"","meta":[],"_links":{"self":[{"href":"http:\/\/canal2jujuy.com\/canal2\/wp-json\/wp\/v2\/pages\/24946"}],"collection":[{"href":"http:\/\/canal2jujuy.com\/canal2\/wp-json\/wp\/v2\/pages"}],"about":[{"href":"http:\/\/canal2jujuy.com\/canal2\/wp-json\/wp\/v2\/types\/page"}],"author":[{"embeddable":true,"href":"http:\/\/canal2jujuy.com\/canal2\/wp-json\/wp\/v2\/users\/1"}],"replies":[{"embeddable":true,"href":"http:\/\/canal2jujuy.com\/canal2\/wp-json\/wp\/v2\/comments?post=24946"}],"version-history":[{"count":179,"href":"http:\/\/canal2jujuy.com\/canal2\/wp-json\/wp\/v2\/pages\/24946\/revisions"}],"predecessor-version":[{"id":32692,"href":"http:\/\/canal2jujuy.com\/canal2\/wp-json\/wp\/v2\/pages\/24946\/revisions\/32692"}],"wp:attachment":[{"href":"http:\/\/canal2jujuy.com\/canal2\/wp-json\/wp\/v2\/media?parent=24946"}],"curies":[{"name":"wp","href":"https:\/\/api.w.org\/{rel}","templated":true}]}}